3. Let h be (4/(-6))/(16/v). What are the prime factors of 5/(-10)*34/h?
17
Let i be (-27)/(2 - (-36)/(-20)). Let d = -91 - i. What are the prime factors of d?
2, 11
Suppose 6*d - d - 645 = 0. Suppose d = 4*q + 13. List the prime factors of q.
29
Let s(a) = -a - 15. Let j = -15 - -4. Let q be s(j). What are the prime factors of 3 + 18 - q/(-1)?
17
Suppose -4*o = -6*v + v - 112, 45 = -3*v - 5*o. Let a = 70 + v. List the prime factors of a.
2, 5
Let t be 1 + (2 - -1) - -64. Suppose -7 = -4*b + 1, 0 = a - b - t. Suppose 4*d + h - 83 = 0, a = 3*d + 3*h + 10. List the prime factors of d.
3, 7
Let s(t) = t**3 + 26*t**2 + 26*t + 29. Let x be s(-25). Suppose 5*b - 2*g = 415, 2*b - 3*g = -x*g + 157. What are the prime factors of b?
3
Let j(q) = 64*q + 3. Let f be j(-2). Let g = 227 + f. What are the prime factors of g?
2, 3, 17
Suppose 4*x - 46 = -134. Let g = x - -120. What are the prime factors of g?
2, 7
Suppose -5*k - 105 = 3*n, 0 = 4*n + 4*k - 49 + 181. What are the prime factors of 4 - (4/n - (-11851)/(-105))?
3, 13
Let b be 4*(-4 - 10/(-8)). Let q = 32 + b. What are the prime factors of q?
3, 7
Suppose 5*t - z - 1797 = 1346, 3*t + 3*z = 1875. Suppose -s + 192 = 3*v, 2*s + s - 4*v = t. What are the prime factors of s?
2, 3, 17
Let r(p) = p + 8. Let x be (5 + -3)/1 + 1. List the prime factors of r(x).
11
Let k = -50 - -48. List the prime factors of (-3997)/(-49) - (k + 22/14).
2, 41
Suppose -7*q + 1541 = -3*q - h, 5*q - 1920 = -5*h. List the prime factors of q.
5, 7, 11
Let s be (-3 - -6)*(-4)/(-3). What are the prime factors of 71 - 7/(14/s)?
3, 23
Let g(y) = 686*y + 15. List the prime factors of g(2).
19, 73
Let o be (-1 - 4/(-6))*-6. Suppose -4*r + 13 = -x + 54, -o*r = -2. Suppose -10*d + 11*d = x. What are the prime factors of d?
3, 5
Let s(o) = -43*o**2 - 12 + 50*o**2 - o + 5 - o**3. Let u = -5 + 10. What are the prime factors of s(u)?
2, 19
Suppose 3*z + d = z + 3367, 3358 = 2*z + 4*d. What are the prime factors of z?
5, 337
Let l = -89 + 93. Suppose l*c - 499 = -o, -c + o = -o - 136. List the prime factors of c.
2, 3, 7
Let w(l) = 0*l**3 + l**3 - 4*l + 2 - 6*l - 3*l**2 + 4*l. Let f be w(4). What are the prime factors of (-980)/(-24) + (-1)/f?
41
Suppose -4*o = -2*h + 6898, 3*o - 38 = -53. What are the prime factors of h?
19, 181
Let y be 190/25 - 6/(-15). What are the prime factors of ((-24)/(-14))/(y/28)?
2, 3
What are the prime factors of (2 - (-22)/(-10)) + 199827/135?
2, 5, 37
Let g(i) be the second derivative of i**3/6 + 19*i**2/2 - 4*i. Let x be g(-9). Let n = -5 + x. What are the prime factors of n?
5
Suppose 3*a + 4*d = -11, 4*a + 3 = -d - 3. What are the prime factors of (((-95)/(-2))/a)/(1/(-2))?
5, 19
Let q = 164 - 127. Suppose -q*h = -41*h + 320. What are the prime factors of h?
2, 5
Let b be 16/7 - 2/7. Suppose -2*h + 4*f = b - 6, 2*f - 16 = -2*h. Suppose l + 80 = h*l. List the prime factors of l.
2
Let m(t) = 6*t**3 - 5*t**2 - 3*t + 4. Let s be m(4). Suppose -37*f = -33*f - s. List the prime factors of f.
2, 37
Let l be -3 + (-2 - -3) + 249. Suppose 5*x - l = d, -2*d = -x + d + 55. List the prime factors of x.
7
Let b(o) = 2*o**3 + 21*o**2 - 12*o - 11. Let v be b(-11). Let i(y) = -9*y + 2. Let l be i(3). Let r = v - l. List the prime factors of r.
5
Suppose -4*s - 1218 = 3*k - 290, -5*s = -3*k + 1160. List the prime factors of (1276/s)/(-1*2/116).
11, 29
Let c = 684 + -268. What are the prime factors of c?
2, 13
Let p(f) = 345*f**2 - 73*f + 223. List the prime factors of p(3).
3109
Let w = 33 - 33. Suppose -4*i + w*i + 1356 = 0. What are the prime factors of i?
3, 113
Let u(p) = -p**3 + 7*p**2 - 12. Let o be -2 + (-3 - -6) + 5. What are the prime factors of u(o)?
2, 3
Let v(q) = -q**2 - 10*q + 22. Let a(l) = l**3 - 10*l**2 + 8*l - 1. Let h be a(9). What are the prime factors of v(h)?
2, 11
Suppose v + 0*a - 5 = a, -a - 8 = -2*v. Suppose 2*m - 7*m - 170 = 0. List the prime factors of (-4 + v)/(1/m).
2, 17
Let k(p) = p**2 - p - 65. What are the prime factors of k(-23)?
487
Let r be (6 + -1)/(-3*1/(-3)). Suppose 1 = t + 4*u, t - 3 = -r*u + 2*u. List the prime factors of t.
3
Suppose 20*h - 21*h + 100 = 0. List the prime factors of h.
2, 5
Let a(w) be the first derivative of w**2/2 + 11*w - 2. Let z be a(-11). Suppose -8 = -5*s - 5*t + 17, -5*t = z. List the prime factors of s.
5
Let f(w) be the first derivative of w**3 - w + 4. Let b be f(-1). Let a(x) = x**2 + 4*x - 3. What are the prime factors of a(b)?
3
Let f(x) = 2*x - 7. Let o be f(4). Let h be ((-30)/(-25))/(o/(-5)). List the prime factors of ((-38)/h)/((-2)/(-6)).
19
Let g(u) = -u**3 - 2*u**2 + 18*u + 8. Let n be g(-5). Let w(t) = -6*t + 4. List the prime factors of w(n).
2, 23
Let h(q) = -257*q - 150. What are the prime factors of h(-3)?
3, 23
Suppose 4*n - 6*j - 12221 = -3*j, -4*j - 12 = 0. What are the prime factors of n?
43, 71
Let l = 650 - -530. List the prime factors of l.
2, 5, 59
Suppose -o + 2*o = -x + 3, -3*o - 11 = -x. Let n be -1 + 1 + o - -6. List the prime factors of -18*(42/n)/(-7).
3
Suppose 0 = 59*z - 64*z + 3745. What are the prime factors of z?
7, 107
Let b(l) = 31*l**3 - l**2 + 2*l - 2. List the prime factors of b(4).
2, 3, 7, 47
Let w = 234 - 164. What are the prime factors of w?
2, 5, 7
Suppose -p = -90 - 8. Suppose -3*w + 0*w = l - 32, 0 = -4*l - 2*w + p. What are the prime factors of l?
23
Suppose 1363 - 43 = 4*x. What are the prime factors of x?
2, 3, 5, 11
Suppose 0 = 10*j - 2854 - 3526. List the prime factors of j.
2, 11, 29
What are the prime factors of (153/6 + -1)/(2/52)?
7, 13
Suppose 2*v + 4*r = -v + 710, -5*v + r + 1168 = 0. What are the prime factors of v?
2, 3, 13
Suppose 7*o - 4*x = 9*o, 3*o + x - 5 = 0. Suppose d + 4*d - 5*w = 100, 14 = d + o*w. What are the prime factors of d?
2, 3
Let u = -227 - -121. List the prime factors of 3/((-6)/(-4)) - (u + 1).
107
Let y(a) be the first derivative of a**4/4 + 13*a**3/3 + 6*a**2 + 10*a - 30. What are the prime factors of y(-10)?
2, 5, 19
Let f(k) = -2*k + 1. Let c be f(9). Let s be c + 6 + 2*1. What are the prime factors of 1/(-2) - s/2?
2
Suppose -4*g + 12 = -g. Let m be (g - 3)/(2/4). Suppose d = -m*d + 72. List the prime factors of d.
2, 3
Let a(y) = 109*y + 56. List the prime factors of a(7).
3, 7, 13
Let i(q) = -2*q**2 + 6*q - 2. Let v(x) = -3*x**2 + 11*x - 5. Let h(k) = -5*i(k) + 3*v(k). Let d = 10 - 15. List the prime factors of h(d).
5
Let i be ((-4)/(-10))/(6/30). Let z(u) = 797*u + 2 - 797*u + 16*u**2. What are the prime factors of z(i)?
2, 3, 11
Let q = 10 + 29. Suppose 2*u + 5*l = q, -32 = -3*u + u + 2*l. Let f = u - 11. What are the prime factors of f?
2, 3
List the prime factors of ((-13566)/(-68))/(-4*(-1)/8).
3, 7, 19
Let r be 2*((-364)/8)/(-7). What are the prime factors of 366/r + 2/(-13)?
2, 7
Suppose 5*h + 222 + 28 = 0. Let z = 97 + -117. Let d = z - h. List the prime factors of d.
2, 3, 5
Let o = 89 - -63. What are the prime factors of o?
2, 19
Let a(k) = 15*k**2 - 27*k + 7. What are the prime factors of a(-6)?
709
Suppose 15 = -4*h - 5*r, r + 0*r = -5*h - 3. Suppose -3*w + 2*w + 30 = h. List the prime factors of w.
2, 3, 5
Suppose 0 = -2*q - 4*z - 376, 5*q + 1469 = -z + 484. Let o = q + 371. List the prime factors of o.
173
Suppose 373*f = 381*f - 9328. What are the prime factors of f?
2, 11, 53
Suppose 3*x - 964 = 5*g, 0*x + 3*g - 611 = -2*x. List the prime factors of x.
313
Suppose 5*s + 9327 = 4*a, s = 2*a + 7*s - 4638. List the prime factors of a.
2, 3, 97
Let p = -46 + 18. Let l be ((-8)/(-6))/((-8)/(-324)). Let m = l + p. What are the prime factors of m?
2, 13
Let h(p) = 88*p + 1. Let l be h(3). Suppose -46 + 245 = 4*o + 5*q, 5*o = -3*q + l. What are the prime factors of (0 + -1)*o/(-4)?
2, 7
Let v = -70 + 226. Suppose 0 = 16*b - 15*b - v. List the prime factors of b.
2, 3, 13
Let i = 20 - 12. Let p = i - 3. Suppose p*b - 26 = 14. What are the prime factors of b?
2
Let x(y) be the third derivative of y**5/12 - y**4/8 + 5*y**3/6 + 7*y**2. List the prime factors of x(-5).
5, 29
Suppose 5*b + 2*o - 10838 - 7583 = 0, 0 = 2*b - 2*o - 7360. List the prime factors of b.
29, 127
Let z = -3323 + 5828. List the prime factors of z.
3, 5, 167
Suppose h = -3*k - 343, -3*h = 2*k + h + 232. Let y = 215 + k. What are the prime factors of y?
101
Let q be (-21)/6 - 3*(-2)/4. Sup